{"id":2343,"date":"2019-09-27T10:15:50","date_gmt":"2019-09-27T13:15:50","guid":{"rendered":"https:\/\/aderj.com.br\/v1.0-teste2\/?post_type=publicacoes&#038;p=2343"},"modified":"2024-08-01T20:34:36","modified_gmt":"2024-08-01T23:34:36","slug":"aderj-faz-amigos-reafirma-o-compromisso-da-entidade-em-gerar-cada-vez-mais-networking-apresentar-novidades-e-conteudos-relevantes-para-o-desenvolvimento-do-setor","status":"publish","type":"page","link":"https:\/\/aderj.com.br\/v1.0-teste2\/aderj-faz-amigos-reafirma-o-compromisso-da-entidade-em-gerar-cada-vez-mais-networking-apresentar-novidades-e-conteudos-relevantes-para-o-desenvolvimento-do-setor\/","title":{"rendered":"ADERJ Faz Amigos reafirma o compromisso da entidade em apresentar novidades e conte\u00fados relevantes para o desenvolvimento do setor"},"content":{"rendered":"<p style=\"text-align: justify;\">No \u00faltimo dia 18 de setembro, aconteceu o tradicional <strong>evento ADERJ Faz Amigos \u2013 Um Encontro de Neg\u00f3cios<\/strong> no Restaurante Rio Brasa localizado na Barra da Tijuca\/RJ. O evento contou com a participa\u00e7\u00e3o de mais de 150 convidados entre diretores, parceiros e associadas, todos com o objetivo de buscar cada vez mais inova\u00e7\u00e3o, conectividade e troca de experi\u00eancias.<\/p>\n<p><center><img loading=\"lazy\" decoding=\"async\" class=\"img-fluid aligncenter wp-image-2301\" src=\"https:\/\/aderj.com.br\/v1.0-teste2\/wp-content\/uploads\/2019\/09\/0db7034f-787a-44ac-8ebc-b421ad456a29-1024x682.jpg\" alt=\"\" width=\"600\" height=\"400\" srcset=\"https:\/\/aderj.com.br\/v1.0-teste2\/wp-content\/uploads\/2019\/09\/0db7034f-787a-44ac-8ebc-b421ad456a29-1024x682.jpg 1024w, https:\/\/aderj.com.br\/v1.0-teste2\/wp-content\/uploads\/2019\/09\/0db7034f-787a-44ac-8ebc-b421ad456a29-300x200.jpg 300w, https:\/\/aderj.com.br\/v1.0-teste2\/wp-content\/uploads\/2019\/09\/0db7034f-787a-44ac-8ebc-b421ad456a29-768x512.jpg 768w, https:\/\/aderj.com.br\/v1.0-teste2\/wp-content\/uploads\/2019\/09\/0db7034f-787a-44ac-8ebc-b421ad456a29.jpg 1280w\" sizes=\"(max-width: 600px) 100vw, 600px\" \/><\/center><\/p>\n<p style=\"text-align: justify;\">O evento teve seu in\u00edcio marcado pelo <strong>Presidente da ADERJ, Joilson Barcelos<\/strong>, convidando todos os presentes para uma ora\u00e7\u00e3o, momento de solenidade e agradecimento por todas as conquistas obtidas at\u00e9 ent\u00e3o. Ap\u00f3s seu discurso, <strong>Joilson convidou sua esposa Cec\u00edlia Barcelos, l\u00edder do Grupo ADERJ Elas<\/strong> para apresentar o projeto em comemora\u00e7\u00e3o ao Dia das Crian\u00e7as que est\u00e1 sendo desenvolvido pelo grupo. Cec\u00edlia usou o momento para estimular ainda mais a participa\u00e7\u00e3o das mulheres nesse movimento e as convidou para estarem presentes na a\u00e7\u00e3o de entrega dos <strong>Kits Educacionais<\/strong> que ser\u00e3o entregues no dia 02 de outubro \u00e0 Creche Ber\u00e7arinho Casa do Andr\u00e9zinho localizada em Mesquita, Rio de Janeiro.<\/p>\n<p><center><img loading=\"lazy\" decoding=\"async\" class=\"img-fluid aligncenter wp-image-2315\" src=\"https:\/\/aderj.com.br\/v1.0-teste2\/wp-content\/uploads\/2019\/09\/456b4abe-df56-49ea-a853-83ec1b551163-1024x682.jpg\" alt=\"\" width=\"600\" height=\"400\" srcset=\"https:\/\/aderj.com.br\/v1.0-teste2\/wp-content\/uploads\/2019\/09\/456b4abe-df56-49ea-a853-83ec1b551163-1024x682.jpg 1024w, https:\/\/aderj.com.br\/v1.0-teste2\/wp-content\/uploads\/2019\/09\/456b4abe-df56-49ea-a853-83ec1b551163-300x200.jpg 300w, https:\/\/aderj.com.br\/v1.0-teste2\/wp-content\/uploads\/2019\/09\/456b4abe-df56-49ea-a853-83ec1b551163-768x512.jpg 768w, https:\/\/aderj.com.br\/v1.0-teste2\/wp-content\/uploads\/2019\/09\/456b4abe-df56-49ea-a853-83ec1b551163.jpg 1280w\" sizes=\"(max-width: 600px) 100vw, 600px\" \/><\/center><\/p>\n<p style=\"text-align: justify;\">Joilson Barcelos convidou em seguida o <strong>Presidente do ADERJ Jovem, Pedro Botelho<\/strong>, para falar ao p\u00fablico as novidades que est\u00e3o sendo desenvolvidas pelo grupo. Muito honrado, Pedro comentou sobre a import\u00e2ncia da sucess\u00e3o familiar nas empresas e convidou todos aqueles que estiverem interessados para participar das pr\u00f3ximas reuni\u00f5es do ADERJ Jovem, buscando novas ideias para desenvolver o setor.<\/p>\n<p><center><img loading=\"lazy\" decoding=\"async\" class=\"img-fluid aligncenter wp-image-2322\" src=\"https:\/\/aderj.com.br\/v1.0-teste2\/wp-content\/uploads\/2019\/09\/b3c67566-e10f-41a0-8633-cdbacd580818-682x1024.jpg\" alt=\"\" width=\"600\" height=\"900\" srcset=\"https:\/\/aderj.com.br\/v1.0-teste2\/wp-content\/uploads\/2019\/09\/b3c67566-e10f-41a0-8633-cdbacd580818-682x1024.jpg 682w, https:\/\/aderj.com.br\/v1.0-teste2\/wp-content\/uploads\/2019\/09\/b3c67566-e10f-41a0-8633-cdbacd580818-200x300.jpg 200w, https:\/\/aderj.com.br\/v1.0-teste2\/wp-content\/uploads\/2019\/09\/b3c67566-e10f-41a0-8633-cdbacd580818-768x1152.jpg 768w, https:\/\/aderj.com.br\/v1.0-teste2\/wp-content\/uploads\/2019\/09\/b3c67566-e10f-41a0-8633-cdbacd580818.jpg 853w\" sizes=\"(max-width: 600px) 100vw, 600px\" \/><\/center><\/p>\n<p style=\"text-align: justify;\">Logo depois, nosso Presidente convidou a <strong>Superintendente Executiva da ADERJ, Cristina Cerqueira<\/strong>, que deu in\u00edcio a um momento de confraterniza\u00e7\u00e3o entre todos os presentes no evento. Cristina pediu para que todos se colocassem de p\u00e9 e em poucos minutos, caminhassem por todo o sal\u00e3o para se cumprimentarem, fazendo novas amizades e visitando os <em>stands<\/em> de nossos patrocinadores. O ato foi um sucesso e animou o p\u00fablico que logo depois foi convidado para se conectar com a ADERJ nas redes sociais.<\/p>\n<p style=\"text-align: justify;\">Nossos patrocinadores abrilhantaram ainda mais o evento, trazendo sofistica\u00e7\u00e3o, inova\u00e7\u00e3o e novidades para nossas associadas. O <strong>Presidente da Sankya, Felipe Calixto<\/strong>, fez um discurso motivacional mostrando mais uma vez que a empresa vai muito al\u00e9m de tecnologia e software, buscando por um modelo de inova\u00e7\u00e3o cada vez mais humanizado e ajudando as empresas a terem resultados mais rent\u00e1veis.<br \/>\n<strong>Aqueles que desejarem entrar em contato com a SANKHYA, devem fazer isso atrav\u00e9s do e-mail:\u00a0sandro.gatto@sankhya.com.br<\/strong><\/p>\n<p><center><img loading=\"lazy\" decoding=\"async\" class=\"img-fluid aligncenter wp-image-2334\" src=\"https:\/\/aderj.com.br\/v1.0-teste2\/wp-content\/uploads\/2019\/09\/e61cdeff-8a76-4c28-9ffd-1b222365efbf-1024x682.jpg\" alt=\"\" width=\"600\" height=\"400\" srcset=\"https:\/\/aderj.com.br\/v1.0-teste2\/wp-content\/uploads\/2019\/09\/e61cdeff-8a76-4c28-9ffd-1b222365efbf-1024x682.jpg 1024w, https:\/\/aderj.com.br\/v1.0-teste2\/wp-content\/uploads\/2019\/09\/e61cdeff-8a76-4c28-9ffd-1b222365efbf-300x200.jpg 300w, https:\/\/aderj.com.br\/v1.0-teste2\/wp-content\/uploads\/2019\/09\/e61cdeff-8a76-4c28-9ffd-1b222365efbf-768x512.jpg 768w, https:\/\/aderj.com.br\/v1.0-teste2\/wp-content\/uploads\/2019\/09\/e61cdeff-8a76-4c28-9ffd-1b222365efbf.jpg 1280w\" sizes=\"(max-width: 600px) 100vw, 600px\" \/><\/center><\/p>\n<p style=\"text-align: justify;\">Na sequ\u00eancia, o Parceiro de Neg\u00f3cios da <strong>FUSION DMS, Jomar Pereira<\/strong>, reiterou seu compromisso com a ADERJ e com o setor, oferecendo excelentes servi\u00e7os que facilitam na gest\u00e3o e no rastreamento de entregas. As novas solu\u00e7\u00f5es da FUSION s\u00e3o capazes de detectar desvios de rota e diversos outros problemas que s\u00e3o frequentemente vivenciados pelos setores de log\u00edstica e transporte.<br \/>\n<strong>Para entrar em contato com a FUSION DMS, envie um e-mail para:\u00a0jomar.pereira@thorconsultoria.com.br<\/strong><\/p>\n<p><center><img loading=\"lazy\" decoding=\"async\" class=\"img-fluid aligncenter wp-image-2325\" src=\"https:\/\/aderj.com.br\/v1.0-teste2\/wp-content\/uploads\/2019\/09\/bd804b41-d0a9-48d7-a30d-bef1c7fc6b4d-1024x682.jpg\" alt=\"\" width=\"600\" height=\"400\" srcset=\"https:\/\/aderj.com.br\/v1.0-teste2\/wp-content\/uploads\/2019\/09\/bd804b41-d0a9-48d7-a30d-bef1c7fc6b4d-1024x682.jpg 1024w, https:\/\/aderj.com.br\/v1.0-teste2\/wp-content\/uploads\/2019\/09\/bd804b41-d0a9-48d7-a30d-bef1c7fc6b4d-300x200.jpg 300w, https:\/\/aderj.com.br\/v1.0-teste2\/wp-content\/uploads\/2019\/09\/bd804b41-d0a9-48d7-a30d-bef1c7fc6b4d-768x512.jpg 768w, https:\/\/aderj.com.br\/v1.0-teste2\/wp-content\/uploads\/2019\/09\/bd804b41-d0a9-48d7-a30d-bef1c7fc6b4d.jpg 1280w\" sizes=\"(max-width: 600px) 100vw, 600px\" \/><\/center><\/p>\n<p style=\"text-align: justify;\">Em seguida, o <strong>Analista de Marketing de Relacionamento e Promo\u00e7\u00f5es de Mercado Corporativo da BR Distribuidora, Wellington Sousa,<\/strong> apresentou um excelente demonstrativo de como a BR tem trabalhado para atender cada vez melhor o empres\u00e1rio do Estado do Rio de Janeiro. Wellington aproveitou o momento para convidar todos os presentes para visitar o stand da LUBRAX, onde apresentou um v\u00eddeo que ensina como acessar a Loja Virtual que garante descontos exclusivos para associadas ADERJ.<br \/>\n<strong>Entre em contato com a BR DISTRIBUIDORA atrav\u00e9s do e-mail:\u00a0jwsousa@br-petrobras.com.br<\/strong><\/p>\n<p><center><img loading=\"lazy\" decoding=\"async\" class=\"aligncenter wp-image-2313\" src=\"https:\/\/aderj.com.br\/v1.0-teste2\/wp-content\/uploads\/2019\/09\/038a74f0-1aa4-42e0-96b7-31a158e6b7b3-1024x682.jpg\" alt=\"\" width=\"600\" height=\"400\" srcset=\"https:\/\/aderj.com.br\/v1.0-teste2\/wp-content\/uploads\/2019\/09\/038a74f0-1aa4-42e0-96b7-31a158e6b7b3-1024x682.jpg 1024w, https:\/\/aderj.com.br\/v1.0-teste2\/wp-content\/uploads\/2019\/09\/038a74f0-1aa4-42e0-96b7-31a158e6b7b3-300x200.jpg 300w, https:\/\/aderj.com.br\/v1.0-teste2\/wp-content\/uploads\/2019\/09\/038a74f0-1aa4-42e0-96b7-31a158e6b7b3-768x512.jpg 768w, https:\/\/aderj.com.br\/v1.0-teste2\/wp-content\/uploads\/2019\/09\/038a74f0-1aa4-42e0-96b7-31a158e6b7b3.jpg 1280w\" sizes=\"(max-width: 600px) 100vw, 600px\" \/><\/center><\/p>\n<p style=\"text-align: justify;\">Finalizando as apresenta\u00e7\u00e3o, <strong>Victor Blanco, Consultor Comercialda KAPPIUS D\u2019OR<\/strong> se colocou \u00e0 disposi\u00e7\u00e3o todas as nossas associadas e parceiras para esclarecer d\u00favidas e fechar neg\u00f3cios! Com entusiasmo, Victor contou rapidamente a hist\u00f3ria da empresa e quais as suas principais vantagens para o empres\u00e1rio carioca.<br \/>\n<strong>A Kappius disponibilizou n\u00fameros exclusivos para atendimento das associadas ADERJ: (21) 97028-3560 ou (21) 96860-7996<\/strong><\/p>\n<p><center><img loading=\"lazy\" decoding=\"async\" class=\"img-fluid aligncenter wp-image-2303\" src=\"https:\/\/aderj.com.br\/v1.0-teste2\/wp-content\/uploads\/2019\/09\/2e05ca61-3ec0-40dc-bce7-ae957ad2758e-1024x682.jpg\" alt=\"\" width=\"600\" height=\"400\" srcset=\"https:\/\/aderj.com.br\/v1.0-teste2\/wp-content\/uploads\/2019\/09\/2e05ca61-3ec0-40dc-bce7-ae957ad2758e-1024x682.jpg 1024w, https:\/\/aderj.com.br\/v1.0-teste2\/wp-content\/uploads\/2019\/09\/2e05ca61-3ec0-40dc-bce7-ae957ad2758e-300x200.jpg 300w, https:\/\/aderj.com.br\/v1.0-teste2\/wp-content\/uploads\/2019\/09\/2e05ca61-3ec0-40dc-bce7-ae957ad2758e-768x512.jpg 768w, https:\/\/aderj.com.br\/v1.0-teste2\/wp-content\/uploads\/2019\/09\/2e05ca61-3ec0-40dc-bce7-ae957ad2758e.jpg 1280w\" sizes=\"(max-width: 600px) 100vw, 600px\" \/><\/center><span style=\"font-size: 11.0pt; font-family: 'Arial','sans-serif';\">A \u00faltima edi\u00e7\u00e3o de 2019 do ADERJ Faz Amigos reafirma o compromisso da entidade em gerar cada vez mais networking, apresentar novidades e conte\u00fados relevantes para o desenvolvimento do segmento Atacadista\/Distribuidor.<\/span><\/p>\n<p><center><img loading=\"lazy\" decoding=\"async\" class=\"img-fluid aligncenter wp-image-2344\" src=\"https:\/\/aderj.com.br\/v1.0-teste2\/wp-content\/uploads\/2019\/09\/ADERJ-FAZ-AMIGOS-1024x1024.png\" alt=\"\" width=\"600\" height=\"600\" srcset=\"https:\/\/aderj.com.br\/v1.0-teste2\/wp-content\/uploads\/2019\/09\/ADERJ-FAZ-AMIGOS-1024x1024.png 1024w, https:\/\/aderj.com.br\/v1.0-teste2\/wp-content\/uploads\/2019\/09\/ADERJ-FAZ-AMIGOS-150x150.png 150w, https:\/\/aderj.com.br\/v1.0-teste2\/wp-content\/uploads\/2019\/09\/ADERJ-FAZ-AMIGOS-300x300.png 300w, https:\/\/aderj.com.br\/v1.0-teste2\/wp-content\/uploads\/2019\/09\/ADERJ-FAZ-AMIGOS-768x768.png 768w, https:\/\/aderj.com.br\/v1.0-teste2\/wp-content\/uploads\/2019\/09\/ADERJ-FAZ-AMIGOS.png 1080w\" sizes=\"(max-width: 600px) 100vw, 600px\" \/><\/center><\/p>\n","protected":false},"excerpt":{"rendered":"<p>No \u00faltimo dia 18 de setembro, aconteceu o tradicional evento ADERJ Faz Amigos \u2013 Um Encontro de Neg\u00f3cios no Restaurante Rio Brasa localizado na Barra da Tijuca\/RJ. O evento contou com a participa\u00e7\u00e3o de mais de 150 convidados entre diretores, parceiros e associadas, todos com o objetivo de buscar cada vez mais inova\u00e7\u00e3o, conectividade e troca de experi\u00eancias.<\/p>\n","protected":false},"author":47,"featured_media":2302,"parent":0,"menu_order":0,"comment_status":"closed","ping_status":"closed","template":"","meta":{"footnotes":""},"class_list":["post-2343","page","type-page","status-publish","has-post-thumbnail","hentry"],"_links":{"self":[{"href":"https:\/\/aderj.com.br\/v1.0-teste2\/wp-json\/wp\/v2\/pages\/2343"}],"collection":[{"href":"https:\/\/aderj.com.br\/v1.0-teste2\/wp-json\/wp\/v2\/pages"}],"about":[{"href":"https:\/\/aderj.com.br\/v1.0-teste2\/wp-json\/wp\/v2\/types\/page"}],"author":[{"embeddable":true,"href":"https:\/\/aderj.com.br\/v1.0-teste2\/wp-json\/wp\/v2\/users\/47"}],"replies":[{"embeddable":true,"href":"https:\/\/aderj.com.br\/v1.0-teste2\/wp-json\/wp\/v2\/comments?post=2343"}],"version-history":[{"count":1,"href":"https:\/\/aderj.com.br\/v1.0-teste2\/wp-json\/wp\/v2\/pages\/2343\/revisions"}],"predecessor-version":[{"id":9865,"href":"https:\/\/aderj.com.br\/v1.0-teste2\/wp-json\/wp\/v2\/pages\/2343\/revisions\/9865"}],"wp:featuredmedia":[{"embeddable":true,"href":"https:\/\/aderj.com.br\/v1.0-teste2\/wp-json\/wp\/v2\/media\/2302"}],"wp:attachment":[{"href":"https:\/\/aderj.com.br\/v1.0-teste2\/wp-json\/wp\/v2\/media?parent=2343"}],"curies":[{"name":"wp","href":"https:\/\/api.w.org\/{rel}","templated":true}]}}