{"id":3295,"date":"2024-05-08T19:48:07","date_gmt":"2024-05-08T22:48:07","guid":{"rendered":"https:\/\/unioncityrp.com\/aderj\/?page_id=3295"},"modified":"2024-10-12T18:04:45","modified_gmt":"2024-10-12T21:04:45","slug":"participantes","status":"publish","type":"page","link":"https:\/\/aderj.com.br\/index.php\/participantes\/","title":{"rendered":"Participantes"},"content":{"rendered":"\t\t<div data-elementor-type=\"wp-page\" data-elementor-id=\"3295\" class=\"elementor elementor-3295\" data-elementor-post-type=\"page\">\n\t\t\t\t\t\t<section class=\"elementor-section elementor-top-section elementor-element elementor-element-0852f87 elementor-section-boxed elementor-section-height-default elementor-section-height-default wpr-particle-no wpr-jarallax-no wpr-parallax-no wpr-sticky-section-no\" data-id=\"0852f87\" data-element_type=\"section\">\n\t\t\t\t\t\t<div class=\"elementor-container elementor-column-gap-default\">\n\t\t\t\t\t<div class=\"elementor-column elementor-col-50 elementor-top-column elementor-element elementor-element-a81818f\" data-id=\"a81818f\" data-element_type=\"column\">\n\t\t\t<div class=\"elementor-widget-wrap elementor-element-populated\">\n\t\t\t\t\t\t<div class=\"elementor-element elementor-element-c8b520d elementor-widget__width-initial elementor-absolute elementor-widget elementor-widget-image\" data-id=\"c8b520d\" data-element_type=\"widget\" data-settings=\"{&quot;_position&quot;:&quot;absolute&quot;}\" data-widget_type=\"image.default\">\n\t\t\t\t<div class=\"elementor-widget-container\">\n\t\t\t\t\t\t\t\t\t\t\t\t\t\t\t<img fetchpriority=\"high\" decoding=\"async\" width=\"400\" height=\"274\" src=\"https:\/\/aderj.com.br\/wp-content\/uploads\/2024\/05\/stock-vector-rio-de-janeiro-landmarks-and-top-places-to-visit-line-icons-vector-set-of-most-popular-city-454749025-Convertido-2-e1714760174291.png\" class=\"attachment-full size-full wp-image-2809\" alt=\"\" \/>\t\t\t\t\t\t\t\t\t\t\t\t\t\t\t<\/div>\n\t\t\t\t<\/div>\n\t\t\t\t\t<\/div>\n\t\t<\/div>\n\t\t\t\t<div class=\"elementor-column elementor-col-50 elementor-top-column elementor-element elementor-element-4f2f6e5\" data-id=\"4f2f6e5\" data-element_type=\"column\">\n\t\t\t<div class=\"elementor-widget-wrap elementor-element-populated\">\n\t\t\t\t\t\t<div class=\"elementor-element elementor-element-edc5c2d elementor-widget elementor-widget-spacer\" data-id=\"edc5c2d\" data-element_type=\"widget\" data-widget_type=\"spacer.default\">\n\t\t\t\t<div class=\"elementor-widget-container\">\n\t\t\t\t\t\t\t<div class=\"elementor-spacer\">\n\t\t\t<div class=\"elementor-spacer-inner\"><\/div>\n\t\t<\/div>\n\t\t\t\t\t\t<\/div>\n\t\t\t\t<\/div>\n\t\t\t\t\t<\/div>\n\t\t<\/div>\n\t\t\t\t\t<\/div>\n\t\t<\/section>\n\t\t\t\t<section class=\"elementor-section elementor-top-section elementor-element elementor-element-d627bc5 elementor-section-boxed elementor-section-height-default elementor-section-height-default wpr-particle-no wpr-jarallax-no wpr-parallax-no wpr-sticky-section-no\" data-id=\"d627bc5\" data-element_type=\"section\">\n\t\t\t\t\t\t<div class=\"elementor-container elementor-column-gap-default\">\n\t\t\t\t\t<div class=\"elementor-column elementor-col-100 elementor-top-column elementor-element elementor-element-4268810\" data-id=\"4268810\" data-element_type=\"column\">\n\t\t\t<div class=\"elementor-widget-wrap elementor-element-populated\">\n\t\t\t\t\t\t<div class=\"elementor-element elementor-element-35b3e34 elementor-widget__width-initial elementor-absolute elementor-widget elementor-widget-image\" data-id=\"35b3e34\" data-element_type=\"widget\" data-settings=\"{&quot;_position&quot;:&quot;absolute&quot;}\" data-widget_type=\"image.default\">\n\t\t\t\t<div class=\"elementor-widget-container\">\n\t\t\t\t\t\t\t\t\t\t\t\t\t\t\t<img decoding=\"async\" width=\"2119\" height=\"2119\" src=\"https:\/\/aderj.com.br\/wp-content\/uploads\/2024\/05\/logo_aderj2Asset-2@4x.png\" class=\"attachment-full size-full wp-image-3282\" alt=\"\" srcset=\"https:\/\/aderj.com.br\/wp-content\/uploads\/2024\/05\/logo_aderj2Asset-2@4x.png 2119w, https:\/\/aderj.com.br\/wp-content\/uploads\/2024\/05\/logo_aderj2Asset-2@4x-300x300.png 300w, https:\/\/aderj.com.br\/wp-content\/uploads\/2024\/05\/logo_aderj2Asset-2@4x-1024x1024.png 1024w, https:\/\/aderj.com.br\/wp-content\/uploads\/2024\/05\/logo_aderj2Asset-2@4x-150x150.png 150w, https:\/\/aderj.com.br\/wp-content\/uploads\/2024\/05\/logo_aderj2Asset-2@4x-768x768.png 768w, https:\/\/aderj.com.br\/wp-content\/uploads\/2024\/05\/logo_aderj2Asset-2@4x-1536x1536.png 1536w, https:\/\/aderj.com.br\/wp-content\/uploads\/2024\/05\/logo_aderj2Asset-2@4x-2048x2048.png 2048w\" sizes=\"(max-width: 2119px) 100vw, 2119px\" \/>\t\t\t\t\t\t\t\t\t\t\t\t\t\t\t<\/div>\n\t\t\t\t<\/div>\n\t\t\t\t\t<\/div>\n\t\t<\/div>\n\t\t\t\t\t<\/div>\n\t\t<\/section>\n\t\t\t\t<section class=\"elementor-section elementor-top-section elementor-element elementor-element-1f386d8 elementor-section-boxed elementor-section-height-default elementor-section-height-default wpr-particle-no wpr-jarallax-no wpr-parallax-no wpr-sticky-section-no\" data-id=\"1f386d8\" data-element_type=\"section\" data-settings=\"{&quot;background_background&quot;:&quot;classic&quot;}\">\n\t\t\t\t\t\t\t<div class=\"elementor-background-overlay\"><\/div>\n\t\t\t\t\t\t\t<div class=\"elementor-container elementor-column-gap-default\">\n\t\t\t\t\t<div class=\"elementor-column elementor-col-50 elementor-top-column elementor-element elementor-element-96cb12b\" data-id=\"96cb12b\" data-element_type=\"column\">\n\t\t\t<div class=\"elementor-widget-wrap elementor-element-populated\">\n\t\t\t\t\t\t<div class=\"elementor-element elementor-element-e49986d elementor-widget__width-initial elementor-widget elementor-widget-spacer\" data-id=\"e49986d\" data-element_type=\"widget\" data-widget_type=\"spacer.default\">\n\t\t\t\t<div class=\"elementor-widget-container\">\n\t\t\t\t\t\t\t<div class=\"elementor-spacer\">\n\t\t\t<div class=\"elementor-spacer-inner\"><\/div>\n\t\t<\/div>\n\t\t\t\t\t\t<\/div>\n\t\t\t\t<\/div>\n\t\t\t\t\t<\/div>\n\t\t<\/div>\n\t\t\t\t<div class=\"elementor-column elementor-col-50 elementor-top-column elementor-element elementor-element-794b5a1\" data-id=\"794b5a1\" data-element_type=\"column\">\n\t\t\t<div class=\"elementor-widget-wrap elementor-element-populated\">\n\t\t\t\t\t\t<div class=\"elementor-element elementor-element-737a3dd elementor-widget__width-initial elementor-absolute elementor-widget elementor-widget-image\" data-id=\"737a3dd\" data-element_type=\"widget\" data-settings=\"{&quot;_position&quot;:&quot;absolute&quot;}\" data-widget_type=\"image.default\">\n\t\t\t\t<div class=\"elementor-widget-container\">\n\t\t\t\t\t\t\t\t\t\t\t\t\t\t\t<img decoding=\"async\" width=\"644\" height=\"662\" src=\"https:\/\/aderj.com.br\/wp-content\/uploads\/2024\/07\/Mascara2-ADERJ-Elas-1a.png\" class=\"attachment-full size-full wp-image-4596\" alt=\"\" \/>\t\t\t\t\t\t\t\t\t\t\t\t\t\t\t<\/div>\n\t\t\t\t<\/div>\n\t\t\t\t<div class=\"elementor-element elementor-element-505291f elementor-widget elementor-widget-heading\" data-id=\"505291f\" data-element_type=\"widget\" data-widget_type=\"heading.default\">\n\t\t\t\t<div class=\"elementor-widget-container\">\n\t\t\t\t\t<h2 class=\"elementor-heading-title elementor-size-default\">PRESIDENTE DO GRUPO ADERJ ELAS<\/h2>\t\t\t\t<\/div>\n\t\t\t\t<\/div>\n\t\t\t\t<div class=\"elementor-element elementor-element-106d8e3 elementor-widget__width-initial elementor-widget elementor-widget-text-editor\" data-id=\"106d8e3\" data-element_type=\"widget\" data-widget_type=\"text-editor.default\">\n\t\t\t\t<div class=\"elementor-widget-container\">\n\t\t\t\t\t\t\t\t\t<ul><li><strong>Ivane de Abreu Menendes<\/strong><\/li><\/ul><p>\u00a0<\/p><p>Representante Estadual do Instituto ABAD no Rio de Janeiro<\/p>\t\t\t\t\t\t\t\t<\/div>\n\t\t\t\t<\/div>\n\t\t\t\t<div class=\"elementor-element elementor-element-88e6e25 elementor-widget elementor-widget-heading\" data-id=\"88e6e25\" data-element_type=\"widget\" data-widget_type=\"heading.default\">\n\t\t\t\t<div class=\"elementor-widget-container\">\n\t\t\t\t\t<h2 class=\"elementor-heading-title elementor-size-default\">PARTICIPANTES DO GRUPO ADERJ ELAS<\/h2>\t\t\t\t<\/div>\n\t\t\t\t<\/div>\n\t\t\t\t<div class=\"elementor-element elementor-element-01bd6f9 elementor-widget__width-initial elementor-widget elementor-widget-text-editor\" data-id=\"01bd6f9\" data-element_type=\"widget\" data-widget_type=\"text-editor.default\">\n\t\t\t\t<div class=\"elementor-widget-container\">\n\t\t\t\t\t\t\t\t\t<ul><li>Marleide Silva Rosa<\/li><li>Geisa Correia De Abreu Chianca<\/li><li>Delma De Castro Cabral<\/li><li>Sylvia Dutra Marques<\/li><li>Jaqueline Doria<\/li><li>Ros\u00e2ngela Jardim Card\u00e3o<\/li><li>Janete Bedran Milagres<\/li><li>Claudia Da Costa Taveira Ca\u00e7\u00e3o<\/li><li>Cec\u00edlia De F\u00e1tima Nunes Paes Barcelos<\/li><li>Claudia Val\u00e9ria Tavares Da Silva Hentzy<\/li><li>Gl\u00e1ucia Da Fonseca Daumas Alves<\/li><li>Marta Resende Os\u00f3rio<\/li><li>Gladys Cristina Pacheco<\/li><li>Magn\u00f3lia Figueiredo Massotti<\/li><li>Solange Elias De Morais<\/li><li>Eliane Fernandes<\/li><li>Roseanne Oliveira Loureiro<\/li><li>Maria Fernanda De Matos<\/li><\/ul>\t\t\t\t\t\t\t\t<\/div>\n\t\t\t\t<\/div>\n\t\t\t\t\t<\/div>\n\t\t<\/div>\n\t\t\t\t\t<\/div>\n\t\t<\/section>\n\t\t\t\t<section class=\"elementor-section elementor-top-section elementor-element elementor-element-d1b0881 elementor-section-boxed elementor-section-height-default elementor-section-height-default wpr-particle-no wpr-jarallax-no wpr-parallax-no wpr-sticky-section-no\" data-id=\"d1b0881\" data-element_type=\"section\">\n\t\t\t\t\t\t<div class=\"elementor-container elementor-column-gap-default\">\n\t\t\t\t\t<div class=\"elementor-column elementor-col-100 elementor-top-column elementor-element elementor-element-d136b90\" data-id=\"d136b90\" data-element_type=\"column\">\n\t\t\t<div class=\"elementor-widget-wrap elementor-element-populated\">\n\t\t\t\t\t\t<div class=\"elementor-element elementor-element-6320469 elementor-widget elementor-widget-spacer\" data-id=\"6320469\" data-element_type=\"widget\" data-widget_type=\"spacer.default\">\n\t\t\t\t<div class=\"elementor-widget-container\">\n\t\t\t\t\t\t\t<div class=\"elementor-spacer\">\n\t\t\t<div class=\"elementor-spacer-inner\"><\/div>\n\t\t<\/div>\n\t\t\t\t\t\t<\/div>\n\t\t\t\t<\/div>\n\t\t\t\t\t<\/div>\n\t\t<\/div>\n\t\t\t\t\t<\/div>\n\t\t<\/section>\n\t\t\t\t<\/div>\n\t\t","protected":false},"excerpt":{"rendered":"<p>PRESIDENTE DO GRUPO ADERJ ELAS Ivane de Abreu Menendes \u00a0 Representante Estadual do Instituto ABAD no Rio de Janeiro PARTICIPANTES DO GRUPO ADERJ ELAS Marleide Silva Rosa Geisa Correia De Abreu Chianca Delma De Castro Cabral Sylvia Dutra Marques Jaqueline Doria Ros\u00e2ngela Jardim Card\u00e3o Janete Bedran Milagres Claudia Da Costa Taveira Ca\u00e7\u00e3o Cec\u00edlia De F\u00e1tima Nunes Paes Barcelos Claudia Val\u00e9ria Tavares Da Silva Hentzy Gl\u00e1ucia Da Fonseca Daumas Alves Marta Resende Os\u00f3rio Gladys Cristina Pacheco Magn\u00f3lia Figueiredo Massotti Solange Elias De Morais Eliane Fernandes Roseanne Oliveira Loureiro Maria Fernanda De Matos<\/p>\n","protected":false},"author":1,"featured_media":0,"parent":0,"menu_order":0,"comment_status":"closed","ping_status":"closed","template":"","meta":{"footnotes":""},"class_list":["post-3295","page","type-page","status-publish","hentry"],"rttpg_featured_image_url":null,"rttpg_author":{"display_name":"ADMIN","author_link":"https:\/\/aderj.com.br\/index.php\/author\/angrarj-com\/"},"rttpg_comment":0,"rttpg_category":null,"rttpg_excerpt":"PRESIDENTE DO GRUPO ADERJ ELAS Ivane de Abreu Menendes \u00a0 Representante Estadual do Instituto ABAD no Rio de Janeiro PARTICIPANTES DO GRUPO ADERJ ELAS Marleide Silva Rosa Geisa Correia De Abreu Chianca Delma De Castro Cabral Sylvia Dutra Marques Jaqueline Doria Ros\u00e2ngela Jardim Card\u00e3o Janete Bedran Milagres Claudia Da Costa Taveira Ca\u00e7\u00e3o Cec\u00edlia De F\u00e1tima&hellip;","_links":{"self":[{"href":"https:\/\/aderj.com.br\/index.php\/wp-json\/wp\/v2\/pages\/3295","targetHints":{"allow":["GET"]}}],"collection":[{"href":"https:\/\/aderj.com.br\/index.php\/wp-json\/wp\/v2\/pages"}],"about":[{"href":"https:\/\/aderj.com.br\/index.php\/wp-json\/wp\/v2\/types\/page"}],"author":[{"embeddable":true,"href":"https:\/\/aderj.com.br\/index.php\/wp-json\/wp\/v2\/users\/1"}],"replies":[{"embeddable":true,"href":"https:\/\/aderj.com.br\/index.php\/wp-json\/wp\/v2\/comments?post=3295"}],"version-history":[{"count":43,"href":"https:\/\/aderj.com.br\/index.php\/wp-json\/wp\/v2\/pages\/3295\/revisions"}],"predecessor-version":[{"id":13712,"href":"https:\/\/aderj.com.br\/index.php\/wp-json\/wp\/v2\/pages\/3295\/revisions\/13712"}],"wp:attachment":[{"href":"https:\/\/aderj.com.br\/index.php\/wp-json\/wp\/v2\/media?parent=3295"}],"curies":[{"name":"wp","href":"https:\/\/api.w.org\/{rel}","templated":true}]}}