{"id":1348,"date":"2024-02-28T15:26:17","date_gmt":"2024-02-28T18:26:17","guid":{"rendered":"https:\/\/unioncityrp.com\/aderj\/\/?page_id=1348"},"modified":"2024-05-06T21:11:58","modified_gmt":"2024-05-07T00:11:58","slug":"palavra-do-presidente","status":"publish","type":"page","link":"https:\/\/aderj.com.br\/index.php\/palavra-do-presidente\/","title":{"rendered":"Palavra do Presidente"},"content":{"rendered":"\t\t<div data-elementor-type=\"wp-page\" data-elementor-id=\"1348\" class=\"elementor elementor-1348\" data-elementor-post-type=\"page\">\n\t\t\t\t\t\t<section class=\"elementor-section elementor-top-section elementor-element elementor-element-789e42d7 elementor-section-boxed elementor-section-height-default elementor-section-height-default wpr-particle-no wpr-jarallax-no wpr-parallax-no wpr-sticky-section-no\" data-id=\"789e42d7\" data-element_type=\"section\">\n\t\t\t\t\t\t<div class=\"elementor-container elementor-column-gap-default\">\n\t\t\t\t\t<div class=\"elementor-column elementor-col-50 elementor-top-column elementor-element elementor-element-deb4920\" data-id=\"deb4920\" data-element_type=\"column\">\n\t\t\t<div class=\"elementor-widget-wrap elementor-element-populated\">\n\t\t\t\t\t\t<div class=\"elementor-element elementor-element-4cb7cb90 elementor-widget__width-initial elementor-absolute elementor-widget elementor-widget-image\" data-id=\"4cb7cb90\" data-element_type=\"widget\" data-settings=\"{&quot;_position&quot;:&quot;absolute&quot;}\" data-widget_type=\"image.default\">\n\t\t\t\t<div class=\"elementor-widget-container\">\n\t\t\t\t\t\t\t\t\t\t\t\t\t\t\t<img fetchpriority=\"high\" decoding=\"async\" width=\"400\" height=\"274\" src=\"https:\/\/aderj.com.br\/wp-content\/uploads\/2024\/05\/stock-vector-rio-de-janeiro-landmarks-and-top-places-to-visit-line-icons-vector-set-of-most-popular-city-454749025-Convertido-2-e1714760174291.png\" class=\"attachment-full size-full wp-image-2809\" alt=\"\" \/>\t\t\t\t\t\t\t\t\t\t\t\t\t\t\t<\/div>\n\t\t\t\t<\/div>\n\t\t\t\t\t<\/div>\n\t\t<\/div>\n\t\t\t\t<div class=\"elementor-column elementor-col-50 elementor-top-column elementor-element elementor-element-5d2ba742\" data-id=\"5d2ba742\" data-element_type=\"column\">\n\t\t\t<div class=\"elementor-widget-wrap elementor-element-populated\">\n\t\t\t\t\t\t<div class=\"elementor-element elementor-element-28421bf3 elementor-widget elementor-widget-spacer\" data-id=\"28421bf3\" data-element_type=\"widget\" data-widget_type=\"spacer.default\">\n\t\t\t\t<div class=\"elementor-widget-container\">\n\t\t\t\t\t\t\t<div class=\"elementor-spacer\">\n\t\t\t<div class=\"elementor-spacer-inner\"><\/div>\n\t\t<\/div>\n\t\t\t\t\t\t<\/div>\n\t\t\t\t<\/div>\n\t\t\t\t\t<\/div>\n\t\t<\/div>\n\t\t\t\t\t<\/div>\n\t\t<\/section>\n\t\t\t\t<section class=\"elementor-section elementor-top-section elementor-element elementor-element-3321759e elementor-section-boxed elementor-section-height-default elementor-section-height-default wpr-particle-no wpr-jarallax-no wpr-parallax-no wpr-sticky-section-no\" data-id=\"3321759e\" data-element_type=\"section\" data-settings=\"{&quot;background_background&quot;:&quot;classic&quot;}\">\n\t\t\t\t\t\t<div class=\"elementor-container elementor-column-gap-default\">\n\t\t\t\t\t<div class=\"elementor-column elementor-col-50 elementor-top-column elementor-element elementor-element-2c61444a\" data-id=\"2c61444a\" data-element_type=\"column\">\n\t\t\t<div class=\"elementor-widget-wrap elementor-element-populated\">\n\t\t\t\t\t\t<div class=\"elementor-element elementor-element-96beebb elementor-widget elementor-widget-image\" data-id=\"96beebb\" data-element_type=\"widget\" data-widget_type=\"image.default\">\n\t\t\t\t<div class=\"elementor-widget-container\">\n\t\t\t\t\t\t\t\t\t\t\t\t\t\t\t<img decoding=\"async\" width=\"800\" height=\"800\" src=\"https:\/\/aderj.com.br\/wp-content\/uploads\/2024\/05\/Mascara-Presidente.png\" class=\"attachment-large size-large wp-image-2732\" alt=\"\" srcset=\"https:\/\/aderj.com.br\/wp-content\/uploads\/2024\/05\/Mascara-Presidente.png 850w, https:\/\/aderj.com.br\/wp-content\/uploads\/2024\/05\/Mascara-Presidente-300x300.png 300w, https:\/\/aderj.com.br\/wp-content\/uploads\/2024\/05\/Mascara-Presidente-150x150.png 150w, https:\/\/aderj.com.br\/wp-content\/uploads\/2024\/05\/Mascara-Presidente-768x768.png 768w\" sizes=\"(max-width: 800px) 100vw, 800px\" \/>\t\t\t\t\t\t\t\t\t\t\t\t\t\t\t<\/div>\n\t\t\t\t<\/div>\n\t\t\t\t\t<\/div>\n\t\t<\/div>\n\t\t\t\t<div class=\"elementor-column elementor-col-50 elementor-top-column elementor-element elementor-element-4f6a59b7\" data-id=\"4f6a59b7\" data-element_type=\"column\">\n\t\t\t<div class=\"elementor-widget-wrap elementor-element-populated\">\n\t\t\t\t\t\t<div class=\"elementor-element elementor-element-26b1d016 elementor-widget elementor-widget-heading\" data-id=\"26b1d016\" data-element_type=\"widget\" data-widget_type=\"heading.default\">\n\t\t\t\t<div class=\"elementor-widget-container\">\n\t\t\t\t\t<h2 class=\"elementor-heading-title elementor-size-default\">S\u00f3 teremos o \u201cdepois\u201d se fizermos o \u201cantes\u201d<\/h2>\t\t\t\t<\/div>\n\t\t\t\t<\/div>\n\t\t\t\t<div class=\"elementor-element elementor-element-31a4044b elementor-widget elementor-widget-text-editor\" data-id=\"31a4044b\" data-element_type=\"widget\" data-widget_type=\"text-editor.default\">\n\t\t\t\t<div class=\"elementor-widget-container\">\n\t\t\t\t\t\t\t\t\t<p>O momento que economia do pa\u00eds vive, permite diferentes leituras sob diversas \u00f3ticas. N\u00e3o vamos julgar os n\u00fameros, nem os que favorecem ao atual governo, nem os que indicam risco de um descontrole monet\u00e1rio.<br \/>Se por um lado existem indicadores que apontam crescimento do n\u00edvel de empregos, por outro, h\u00e1 relat\u00f3rios que alertam sobre uma instabilidade fiscal, que poder\u00e1 provocar um desarranjo na economia.<br \/>A afirma\u00e7\u00e3o de que se est\u00e1 gastando mais do que a arrecada\u00e7\u00e3o prevista \u00e9 preocupante. Quando isso ocorre, governos se socorrem em dois danosos expedientes: ou aumenta a carga tribut\u00e1ria ou emite pap\u00e9is do Tesouro.<br \/>Aumento de impostos para cobrir gastos e emiss\u00e3o de pap\u00e9is sem o devido lastro, formam a tempestade perfeita, capaz de naufragar qualquer projeto econ\u00f4mico, porque se perde o controle da infla\u00e7\u00e3o que tende a reaparecer com todos os seus efeitos colaterais como eleva\u00e7\u00e3o de pre\u00e7os e desemprego, lembrando que o \u00fanico rem\u00e9dio capaz de minimizar esses efeitos \u00e9 o aumento dos juros, contra o qual todos lutamos.<br \/>Respeitamos a ret\u00f3rica de que \u00e9 preciso investir para crescer, mas o que nos preocupa \u00e9 o endividamento p\u00fablico em larga escala. <br \/>A Associa\u00e7\u00e3o dos Atacadistas e Distribuidores do Estado do Rio de Janeiro- ADERJ- que completa 38 anos, teve sua funda\u00e7\u00e3o motivada por equ\u00edvocos de planos econ\u00f4micos.<br \/>A economia brasileira, assim como todas as demais, sofre efeitos de uma conjuntura global e esse cen\u00e1rio tamb\u00e9m \u00e9 preocupante com praticamente duas guerras em curso.<br \/>Partimos da premissa que s\u00f3 teremos o \u201cdepois\u201d se fizermos o \u201cantes\u201d. Assim, o que sugerimos \u00e9 uma esp\u00e9cie de prud\u00eancia para que possamos ter seguran\u00e7a econ\u00f4mica em todos os n\u00edveis.<\/p><p><strong>Jorge Menendes<br \/><\/strong><em>Presidente da ADERJ<br \/><\/em><em>Associa\u00e7\u00e3o dos Atacadistas e Distribuidores do Estado do Rio de Janeiro<\/em><\/p>\t\t\t\t\t\t\t\t<\/div>\n\t\t\t\t<\/div>\n\t\t\t\t\t<\/div>\n\t\t<\/div>\n\t\t\t\t\t<\/div>\n\t\t<\/section>\n\t\t\t\t<\/div>\n\t\t","protected":false},"excerpt":{"rendered":"<p>S\u00f3 teremos o \u201cdepois\u201d se fizermos o \u201cantes\u201d O momento que economia do pa\u00eds vive, permite diferentes leituras sob diversas \u00f3ticas. N\u00e3o vamos julgar os n\u00fameros, nem os que favorecem ao atual governo, nem os que indicam risco de um descontrole monet\u00e1rio.Se por um lado existem indicadores que apontam crescimento do n\u00edvel de empregos, por outro, h\u00e1 relat\u00f3rios que alertam sobre uma instabilidade fiscal, que poder\u00e1 provocar um desarranjo na economia.A afirma\u00e7\u00e3o de que se est\u00e1 gastando mais do que a arrecada\u00e7\u00e3o prevista \u00e9 preocupante. Quando isso ocorre, governos se socorrem em dois danosos expedientes: ou aumenta a carga tribut\u00e1ria ou emite pap\u00e9is do Tesouro.Aumento de impostos para cobrir gastos e emiss\u00e3o de pap\u00e9is sem o devido lastro, formam a tempestade perfeita, capaz de naufragar qualquer projeto econ\u00f4mico, porque se perde o controle da infla\u00e7\u00e3o que tende a reaparecer com todos os seus efeitos colaterais como eleva\u00e7\u00e3o de pre\u00e7os e desemprego, lembrando que o \u00fanico rem\u00e9dio capaz de minimizar esses efeitos \u00e9 o aumento dos juros, contra o qual todos lutamos.Respeitamos a ret\u00f3rica de que \u00e9 preciso investir para crescer, mas o que nos preocupa \u00e9 o endividamento p\u00fablico em larga escala. A Associa\u00e7\u00e3o dos Atacadistas e Distribuidores do Estado do Rio de Janeiro- ADERJ- que completa 38 anos, teve sua funda\u00e7\u00e3o motivada por equ\u00edvocos de planos econ\u00f4micos.A economia brasileira, assim como todas as demais, sofre efeitos de uma conjuntura global e esse cen\u00e1rio tamb\u00e9m \u00e9 preocupante com praticamente duas guerras em curso.Partimos da premissa que s\u00f3 teremos o \u201cdepois\u201d se fizermos o \u201cantes\u201d. Assim, o que sugerimos \u00e9 uma esp\u00e9cie de prud\u00eancia para que possamos ter seguran\u00e7a econ\u00f4mica em todos os n\u00edveis. Jorge MenendesPresidente da ADERJAssocia\u00e7\u00e3o dos Atacadistas e Distribuidores do Estado do Rio de Janeiro<\/p>\n","protected":false},"author":1,"featured_media":0,"parent":0,"menu_order":0,"comment_status":"closed","ping_status":"closed","template":"","meta":{"footnotes":""},"class_list":["post-1348","page","type-page","status-publish","hentry"],"rttpg_featured_image_url":null,"rttpg_author":{"display_name":"ADMIN","author_link":"https:\/\/aderj.com.br\/index.php\/author\/angrarj-com\/"},"rttpg_comment":0,"rttpg_category":null,"rttpg_excerpt":"S\u00f3 teremos o \u201cdepois\u201d se fizermos o \u201cantes\u201d O momento que economia do pa\u00eds vive, permite diferentes leituras sob diversas \u00f3ticas. N\u00e3o vamos julgar os n\u00fameros, nem os que favorecem ao atual governo, nem os que indicam risco de um descontrole monet\u00e1rio.Se por um lado existem indicadores que apontam crescimento do n\u00edvel de empregos, por&hellip;","_links":{"self":[{"href":"https:\/\/aderj.com.br\/index.php\/wp-json\/wp\/v2\/pages\/1348","targetHints":{"allow":["GET"]}}],"collection":[{"href":"https:\/\/aderj.com.br\/index.php\/wp-json\/wp\/v2\/pages"}],"about":[{"href":"https:\/\/aderj.com.br\/index.php\/wp-json\/wp\/v2\/types\/page"}],"author":[{"embeddable":true,"href":"https:\/\/aderj.com.br\/index.php\/wp-json\/wp\/v2\/users\/1"}],"replies":[{"embeddable":true,"href":"https:\/\/aderj.com.br\/index.php\/wp-json\/wp\/v2\/comments?post=1348"}],"version-history":[{"count":37,"href":"https:\/\/aderj.com.br\/index.php\/wp-json\/wp\/v2\/pages\/1348\/revisions"}],"predecessor-version":[{"id":2812,"href":"https:\/\/aderj.com.br\/index.php\/wp-json\/wp\/v2\/pages\/1348\/revisions\/2812"}],"wp:attachment":[{"href":"https:\/\/aderj.com.br\/index.php\/wp-json\/wp\/v2\/media?parent=1348"}],"curies":[{"name":"wp","href":"https:\/\/api.w.org\/{rel}","templated":true}]}}

<div data-elementor-type="wp-page" data-elementor-id="1348" class="elementor elementor-1348" data-elementor-post-type="page">
						<section class="elementor-section elementor-top-section elementor-element elementor-element-789e42d7 elementor-section-boxed elementor-section-height-default elementor-section-height-default wpr-particle-no wpr-jarallax-no wpr-parallax-no wpr-sticky-section-no" data-id="789e42d7" data-element_type="section">
						<div class="elementor-container elementor-column-gap-default">
					<div class="elementor-column elementor-col-50 elementor-top-column elementor-element elementor-element-deb4920" data-id="deb4920" data-element_type="column">
			<div class="elementor-widget-wrap elementor-element-populated">
						<div class="elementor-element elementor-element-4cb7cb90 elementor-widget__width-initial elementor-absolute elementor-widget elementor-widget-image" data-id="4cb7cb90" data-element_type="widget" data-settings="{&quot;_position&quot;:&quot;absolute&quot;}" data-widget_type="image.default">
				<div class="elementor-widget-container">
															<img fetchpriority="high" decoding="async" width="400" height="274" src="https://aderj.com.br/wp-content/uploads/2024/05/stock-vector-rio-de-janeiro-landmarks-and-top-places-to-visit-line-icons-vector-set-of-most-popular-city-454749025-Convertido-2-e1714760174291.png" class="attachment-full size-full wp-image-2809" alt="" />															</div>
				</div>
					</div>
		</div>
				<div class="elementor-column elementor-col-50 elementor-top-column elementor-element elementor-element-5d2ba742" data-id="5d2ba742" data-element_type="column">
			<div class="elementor-widget-wrap elementor-element-populated">
						<div class="elementor-element elementor-element-28421bf3 elementor-widget elementor-widget-spacer" data-id="28421bf3" data-element_type="widget" data-widget_type="spacer.default">
				<div class="elementor-widget-container">
							<div class="elementor-spacer">
			<div class="elementor-spacer-inner"></div>
		</div>
						</div>
				</div>
					</div>
		</div>
					</div>
		</section>
				<section class="elementor-section elementor-top-section elementor-element elementor-element-3321759e elementor-section-boxed elementor-section-height-default elementor-section-height-default wpr-particle-no wpr-jarallax-no wpr-parallax-no wpr-sticky-section-no" data-id="3321759e" data-element_type="section" data-settings="{&quot;background_background&quot;:&quot;classic&quot;}">
						<div class="elementor-container elementor-column-gap-default">
					<div class="elementor-column elementor-col-50 elementor-top-column elementor-element elementor-element-2c61444a" data-id="2c61444a" data-element_type="column">
			<div class="elementor-widget-wrap elementor-element-populated">
						<div class="elementor-element elementor-element-96beebb elementor-widget elementor-widget-image" data-id="96beebb" data-element_type="widget" data-widget_type="image.default">
				<div class="elementor-widget-container">
															<img decoding="async" width="800" height="800" src="https://aderj.com.br/wp-content/uploads/2024/05/Mascara-Presidente.png" class="attachment-large size-large wp-image-2732" alt="" srcset="https://aderj.com.br/wp-content/uploads/2024/05/Mascara-Presidente.png 850w, https://aderj.com.br/wp-content/uploads/2024/05/Mascara-Presidente-300x300.png 300w, https://aderj.com.br/wp-content/uploads/2024/05/Mascara-Presidente-150x150.png 150w, https://aderj.com.br/wp-content/uploads/2024/05/Mascara-Presidente-768x768.png 768w" sizes="(max-width: 800px) 100vw, 800px" />															</div>
				</div>
					</div>
		</div>
				<div class="elementor-column elementor-col-50 elementor-top-column elementor-element elementor-element-4f6a59b7" data-id="4f6a59b7" data-element_type="column">
			<div class="elementor-widget-wrap elementor-element-populated">
						<div class="elementor-element elementor-element-26b1d016 elementor-widget elementor-widget-heading" data-id="26b1d016" data-element_type="widget" data-widget_type="heading.default">
				<div class="elementor-widget-container">
					<h2 class="elementor-heading-title elementor-size-default">Só teremos o “depois” se fizermos o “antes”</h2>				</div>
				</div>
				<div class="elementor-element elementor-element-31a4044b elementor-widget elementor-widget-text-editor" data-id="31a4044b" data-element_type="widget" data-widget_type="text-editor.default">
				<div class="elementor-widget-container">
									<p>O momento que economia do país vive, permite diferentes leituras sob diversas óticas. Não vamos julgar os números, nem os que favorecem ao atual governo, nem os que indicam risco de um descontrole monetário.<br />Se por um lado existem indicadores que apontam crescimento do nível de empregos, por outro, há relatórios que alertam sobre uma instabilidade fiscal, que poderá provocar um desarranjo na economia.<br />A afirmação de que se está gastando mais do que a arrecadação prevista é preocupante. Quando isso ocorre, governos se socorrem em dois danosos expedientes: ou aumenta a carga tributária ou emite papéis do Tesouro.<br />Aumento de impostos para cobrir gastos e emissão de papéis sem o devido lastro, formam a tempestade perfeita, capaz de naufragar qualquer projeto econômico, porque se perde o controle da inflação que tende a reaparecer com todos os seus efeitos colaterais como elevação de preços e desemprego, lembrando que o único remédio capaz de minimizar esses efeitos é o aumento dos juros, contra o qual todos lutamos.<br />Respeitamos a retórica de que é preciso investir para crescer, mas o que nos preocupa é o endividamento público em larga escala. <br />A Associação dos Atacadistas e Distribuidores do Estado do Rio de Janeiro- ADERJ- que completa 38 anos, teve sua fundação motivada por equívocos de planos econômicos.<br />A economia brasileira, assim como todas as demais, sofre efeitos de uma conjuntura global e esse cenário também é preocupante com praticamente duas guerras em curso.<br />Partimos da premissa que só teremos o “depois” se fizermos o “antes”. Assim, o que sugerimos é uma espécie de prudência para que possamos ter segurança econômica em todos os níveis.</p><p><strong>Jorge Menendes<br /></strong><em>Presidente da ADERJ<br /></em><em>Associação dos Atacadistas e Distribuidores do Estado do Rio de Janeiro</em></p>								</div>
				</div>
					</div>
		</div>
					</div>
		</section>
				</div>

<p>Só teremos o “depois” se fizermos o “antes” O momento que economia do país vive, permite diferentes leituras sob diversas óticas. Não vamos julgar os números, nem os que favorecem ao atual governo, nem os que indicam risco de um descontrole monetário.Se por um lado existem indicadores que apontam crescimento do nível de empregos, por outro, há relatórios que alertam sobre uma instabilidade fiscal, que poderá provocar um desarranjo na economia.A afirmação de que se está gastando mais do que a arrecadação prevista é preocupante. Quando isso ocorre, governos se socorrem em dois danosos expedientes: ou aumenta a carga tributária ou emite papéis do Tesouro.Aumento de impostos para cobrir gastos e emissão de papéis sem o devido lastro, formam a tempestade perfeita, capaz de naufragar qualquer projeto econômico, porque se perde o controle da inflação que tende a reaparecer com todos os seus efeitos colaterais como elevação de preços e desemprego, lembrando que o único remédio capaz de minimizar esses efeitos é o aumento dos juros, contra o qual todos lutamos.Respeitamos a retórica de que é preciso investir para crescer, mas o que nos preocupa é o endividamento público em larga escala. A Associação dos Atacadistas e Distribuidores do Estado do Rio de Janeiro- ADERJ- que completa 38 anos, teve sua fundação motivada por equívocos de planos econômicos.A economia brasileira, assim como todas as demais, sofre efeitos de uma conjuntura global e esse cenário também é preocupante com praticamente duas guerras em curso.Partimos da premissa que só teremos o “depois” se fizermos o “antes”. Assim, o que sugerimos é uma espécie de prudência para que possamos ter segurança econômica em todos os níveis. Jorge MenendesPresidente da ADERJAssociação dos Atacadistas e Distribuidores do Estado do Rio de Janeiro</p>

Só teremos o “depois” se fizermos o “antes” O momento que economia do país vive, permite diferentes leituras sob diversas óticas. Não vamos julgar os números, nem os que favorecem ao atual governo, nem os que indicam risco de um descontrole monetário.Se por um lado existem indicadores que apontam crescimento do nível de empregos, por&hellip;
