{"id":1334,"date":"2024-02-28T15:24:13","date_gmt":"2024-02-28T18:24:13","guid":{"rendered":"https:\/\/unioncityrp.com\/aderj\/\/?page_id=1334"},"modified":"2024-12-01T17:09:43","modified_gmt":"2024-12-01T20:09:43","slug":"codigo-de-etica","status":"publish","type":"page","link":"https:\/\/aderj.com.br\/index.php\/codigo-de-etica\/","title":{"rendered":"C\u00f3digo de \u00c9tica"},"content":{"rendered":"\t\t<div data-elementor-type=\"wp-page\" data-elementor-id=\"1334\" class=\"elementor elementor-1334\" data-elementor-post-type=\"page\">\n\t\t\t\t\t\t<section class=\"elementor-section elementor-top-section elementor-element elementor-element-1c5cb949 elementor-section-boxed elementor-section-height-default elementor-section-height-default wpr-particle-no wpr-jarallax-no wpr-parallax-no wpr-sticky-section-no\" data-id=\"1c5cb949\" data-element_type=\"section\">\n\t\t\t\t\t\t<div class=\"elementor-container elementor-column-gap-default\">\n\t\t\t\t\t<div class=\"elementor-column elementor-col-50 elementor-top-column elementor-element elementor-element-7daba586\" data-id=\"7daba586\" data-element_type=\"column\">\n\t\t\t<div class=\"elementor-widget-wrap elementor-element-populated\">\n\t\t\t\t\t\t<div class=\"elementor-element elementor-element-2e3a6005 elementor-widget__width-initial elementor-absolute elementor-widget-tablet__width-initial elementor-widget-mobile__width-initial elementor-widget elementor-widget-image\" data-id=\"2e3a6005\" data-element_type=\"widget\" data-settings=\"{&quot;_position&quot;:&quot;absolute&quot;}\" data-widget_type=\"image.default\">\n\t\t\t\t<div class=\"elementor-widget-container\">\n\t\t\t\t\t\t\t\t\t\t\t\t\t\t\t<img fetchpriority=\"high\" decoding=\"async\" width=\"507\" height=\"498\" src=\"https:\/\/aderj.com.br\/wp-content\/uploads\/2024\/05\/stock-vector-rio-de-janeiro-landmarks-and-top-places-to-visit-line-icons-vector-set-of-most-popular-city-454749025-Convertido-1-e1714759692899.png\" class=\"attachment-full size-full wp-image-2794\" alt=\"\" \/>\t\t\t\t\t\t\t\t\t\t\t\t\t\t\t<\/div>\n\t\t\t\t<\/div>\n\t\t\t\t\t<\/div>\n\t\t<\/div>\n\t\t\t\t<div class=\"elementor-column elementor-col-50 elementor-top-column elementor-element elementor-element-6c43411b\" data-id=\"6c43411b\" data-element_type=\"column\">\n\t\t\t<div class=\"elementor-widget-wrap elementor-element-populated\">\n\t\t\t\t\t\t<div class=\"elementor-element elementor-element-f9a57cc elementor-widget elementor-widget-spacer\" data-id=\"f9a57cc\" data-element_type=\"widget\" data-widget_type=\"spacer.default\">\n\t\t\t\t<div class=\"elementor-widget-container\">\n\t\t\t\t\t\t\t<div class=\"elementor-spacer\">\n\t\t\t<div class=\"elementor-spacer-inner\"><\/div>\n\t\t<\/div>\n\t\t\t\t\t\t<\/div>\n\t\t\t\t<\/div>\n\t\t\t\t\t<\/div>\n\t\t<\/div>\n\t\t\t\t\t<\/div>\n\t\t<\/section>\n\t\t\t\t<section class=\"elementor-section elementor-top-section elementor-element elementor-element-58d5a05 elementor-section-boxed elementor-section-height-default elementor-section-height-default wpr-particle-no wpr-jarallax-no wpr-parallax-no wpr-sticky-section-no\" data-id=\"58d5a05\" data-element_type=\"section\">\n\t\t\t\t\t\t<div class=\"elementor-container elementor-column-gap-default\">\n\t\t\t\t\t<div class=\"elementor-column elementor-col-50 elementor-top-column elementor-element elementor-element-d42c696\" data-id=\"d42c696\" data-element_type=\"column\">\n\t\t\t<div class=\"elementor-widget-wrap elementor-element-populated\">\n\t\t\t\t\t\t<div class=\"elementor-element elementor-element-1249111d elementor-widget elementor-widget-heading\" data-id=\"1249111d\" data-element_type=\"widget\" data-widget_type=\"heading.default\">\n\t\t\t\t<div class=\"elementor-widget-container\">\n\t\t\t\t\t<h2 class=\"elementor-heading-title elementor-size-default\">1. INTRODU\u00c7\u00c3O<\/h2>\t\t\t\t<\/div>\n\t\t\t\t<\/div>\n\t\t\t\t<div class=\"elementor-element elementor-element-66f64a26 elementor-widget__width-initial elementor-widget-mobile__width-initial elementor-widget elementor-widget-text-editor\" data-id=\"66f64a26\" data-element_type=\"widget\" data-widget_type=\"text-editor.default\">\n\t\t\t\t<div class=\"elementor-widget-container\">\n\t\t\t\t\t\t\t\t\t<p><strong>A ADERJ \u2013 Associa\u00e7\u00e3o de Atacadistas e Distribuidores do Estado do Rio de Janeiro<\/strong>, com o intuito de promover um ambiente de neg\u00f3cios \u00e9tico, respons\u00e1vel e sustent\u00e1vel, estabelece, por meio deste <strong>C\u00f3digo de \u00c9tica<\/strong>, os princ\u00edpios que devem guiar as a\u00e7\u00f5es dos empres\u00e1rios, gestores e profissionais do segmento distribuidor atacadista. Este c\u00f3digo visa garantir uma conduta profissional coerente, harmoniosa e alinhada com os mais elevados padr\u00f5es de \u00e9tica e responsabilidade.<\/p>\t\t\t\t\t\t\t\t<\/div>\n\t\t\t\t<\/div>\n\t\t\t\t<div class=\"elementor-element elementor-element-851c645 elementor-widget elementor-widget-heading\" data-id=\"851c645\" data-element_type=\"widget\" data-widget_type=\"heading.default\">\n\t\t\t\t<div class=\"elementor-widget-container\">\n\t\t\t\t\t<h2 class=\"elementor-heading-title elementor-size-default\">2. PRINC\u00cdPIOS FUNDAMENTAIS<\/h2>\t\t\t\t<\/div>\n\t\t\t\t<\/div>\n\t\t\t\t<div class=\"elementor-element elementor-element-87f38f0 elementor-widget__width-initial elementor-widget-mobile__width-initial elementor-widget elementor-widget-text-editor\" data-id=\"87f38f0\" data-element_type=\"widget\" data-widget_type=\"text-editor.default\">\n\t\t\t\t<div class=\"elementor-widget-container\">\n\t\t\t\t\t\t\t\t\t<p><b>1. Responsabilidade Social<br \/><\/b>O empres\u00e1rio do segmento distribuidor atacadista deve atuar com a consci\u00eancia de seu papel na sociedade, promovendo pr\u00e1ticas que favore\u00e7am o bem-estar da comunidade e contribuam para o desenvolvimento sustent\u00e1vel.<\/p><p><strong>2. Transpar\u00eancia<\/strong><br \/>As rela\u00e7\u00f5es comerciais e financeiras devem ser pautadas pela clareza e honestidade. O empres\u00e1rio deve garantir que todas as suas a\u00e7\u00f5es sejam transparentes e compreens\u00edveis para todos os envolvidos.<\/p><p><strong>3. Respeito \u00e0 Legisla\u00e7\u00e3o e Normas<\/strong><br \/>O cumprimento das leis e regulamentos \u00e9 um princ\u00edpio inegoci\u00e1vel. O empres\u00e1rio deve estar sempre em conformidade com a legisla\u00e7\u00e3o vigente, respeitando todas as normas do setor e garantindo a integridade das suas opera\u00e7\u00f5es.<\/p>\t\t\t\t\t\t\t\t<\/div>\n\t\t\t\t<\/div>\n\t\t\t\t\t<\/div>\n\t\t<\/div>\n\t\t\t\t<div class=\"elementor-column elementor-col-50 elementor-top-column elementor-element elementor-element-0bd14d1\" data-id=\"0bd14d1\" data-element_type=\"column\">\n\t\t\t<div class=\"elementor-widget-wrap elementor-element-populated\">\n\t\t\t\t\t\t<div class=\"elementor-element elementor-element-6456dbc elementor-widget__width-initial elementor-absolute elementor-widget elementor-widget-image\" data-id=\"6456dbc\" data-element_type=\"widget\" data-settings=\"{&quot;_position&quot;:&quot;absolute&quot;}\" data-widget_type=\"image.default\">\n\t\t\t\t<div class=\"elementor-widget-container\">\n\t\t\t\t\t\t\t\t\t\t\t\t\t\t\t<img decoding=\"async\" width=\"644\" height=\"662\" src=\"https:\/\/aderj.com.br\/wp-content\/uploads\/2024\/05\/Mascara2-Codigo.png\" class=\"attachment-large size-large wp-image-2740\" alt=\"\" \/>\t\t\t\t\t\t\t\t\t\t\t\t\t\t\t<\/div>\n\t\t\t\t<\/div>\n\t\t\t\t\t<\/div>\n\t\t<\/div>\n\t\t\t\t\t<\/div>\n\t\t<\/section>\n\t\t\t\t<section class=\"elementor-section elementor-top-section elementor-element elementor-element-c1ad485 elementor-section-boxed elementor-section-height-default elementor-section-height-default wpr-particle-no wpr-jarallax-no wpr-parallax-no wpr-sticky-section-no\" data-id=\"c1ad485\" data-element_type=\"section\">\n\t\t\t\t\t\t<div class=\"elementor-container elementor-column-gap-default\">\n\t\t\t\t\t<div class=\"elementor-column elementor-col-100 elementor-top-column elementor-element elementor-element-5be8490\" data-id=\"5be8490\" data-element_type=\"column\">\n\t\t\t<div class=\"elementor-widget-wrap elementor-element-populated\">\n\t\t\t\t\t\t<div class=\"elementor-element elementor-element-b1e6f9a elementor-widget__width-initial elementor-widget elementor-widget-text-editor\" data-id=\"b1e6f9a\" data-element_type=\"widget\" data-widget_type=\"text-editor.default\">\n\t\t\t\t<div class=\"elementor-widget-container\">\n\t\t\t\t\t\t\t\t\t<p><strong>4. Justi\u00e7a e Equidade<br \/><\/strong>A busca pelo sucesso deve ser equilibrada e justa, tratando todos os envolvidos (clientes, fornecedores, colaboradores, parceiros e concorrentes) com respeito, dignidade e igualdade.<\/p><p><strong>5. \u00c9tica nas Rela\u00e7\u00f5es Comerciais<\/strong><br \/>O empres\u00e1rio deve zelar pela \u00e9tica nas rela\u00e7\u00f5es com clientes, fornecedores e demais parceiros comerciais. Isso inclui a negocia\u00e7\u00e3o honesta, a busca pela qualidade, o cumprimento de contratos e a observ\u00e2ncia dos compromissos assumidos.<\/p>\t\t\t\t\t\t\t\t<\/div>\n\t\t\t\t<\/div>\n\t\t\t\t<div class=\"elementor-element elementor-element-c3d717d elementor-widget elementor-widget-heading\" data-id=\"c3d717d\" data-element_type=\"widget\" data-widget_type=\"heading.default\">\n\t\t\t\t<div class=\"elementor-widget-container\">\n\t\t\t\t\t<h2 class=\"elementor-heading-title elementor-size-default\">3. COMPROMISSOS DO EMPRES\u00c1RIO<\/h2>\t\t\t\t<\/div>\n\t\t\t\t<\/div>\n\t\t\t\t<div class=\"elementor-element elementor-element-13d151d elementor-widget__width-initial elementor-widget elementor-widget-text-editor\" data-id=\"13d151d\" data-element_type=\"widget\" data-widget_type=\"text-editor.default\">\n\t\t\t\t<div class=\"elementor-widget-container\">\n\t\t\t\t\t\t\t\t\t<p><strong>1. Promo\u00e7\u00e3o da Integridade no Mercado<\/strong> <br \/>O empres\u00e1rio deve agir para evitar pr\u00e1ticas anticoncorrenciais e desleais, como o suborno, a corrup\u00e7\u00e3o e qualquer outro tipo de manipula\u00e7\u00e3o do mercado, garantindo que sua atua\u00e7\u00e3o seja \u00e9tica e ben\u00e9fica para o desenvolvimento do setor.<\/p><p><strong>2. Respeito ao Meio Ambiente<\/strong><br \/>Compromete-se a adotar pr\u00e1ticas que minimizem os impactos ambientais de suas opera\u00e7\u00f5es, promovendo a sustentabilidade, o uso respons\u00e1vel dos recursos naturais e o descarte adequado de res\u00edduos.<\/p><p><strong>3. Valoriza\u00e7\u00e3o das Pessoas<\/strong><br \/>O empres\u00e1rio deve tratar seus colaboradores, clientes e fornecedores com dignidade, respeito e considera\u00e7\u00e3o. Deve assegurar um ambiente de trabalho seguro e saud\u00e1vel, que promova o desenvolvimento profissional e o bem-estar de todos.<\/p><p><strong>4. Compromisso com a Qualidade<\/strong><br \/>O empres\u00e1rio deve trabalhar continuamente para oferecer produtos e servi\u00e7os de alta qualidade, com foco na satisfa\u00e7\u00e3o do cliente e na melhoria constante<br \/>dos processos.<\/p>\t\t\t\t\t\t\t\t<\/div>\n\t\t\t\t<\/div>\n\t\t\t\t<div class=\"elementor-element elementor-element-66fb5ac elementor-widget elementor-widget-heading\" data-id=\"66fb5ac\" data-element_type=\"widget\" data-widget_type=\"heading.default\">\n\t\t\t\t<div class=\"elementor-widget-container\">\n\t\t\t\t\t<h2 class=\"elementor-heading-title elementor-size-default\">4. DIRETRIZES DE CONVIV\u00caNCIA E CONDUTA<\/h2>\t\t\t\t<\/div>\n\t\t\t\t<\/div>\n\t\t\t\t<div class=\"elementor-element elementor-element-c631324 elementor-widget__width-initial elementor-widget elementor-widget-text-editor\" data-id=\"c631324\" data-element_type=\"widget\" data-widget_type=\"text-editor.default\">\n\t\t\t\t<div class=\"elementor-widget-container\">\n\t\t\t\t\t\t\t\t\t<p><strong>1. Honestidade nas Transa\u00e7\u00f5es<br \/><\/strong>Todos os neg\u00f3cios devem ser conduzidos de forma \u00edntegra, com veracidade nas informa\u00e7\u00f5es e com respeito aos direitos dos consumidores e parceiros.<\/p><p><strong>2. Confidencialidade e Prote\u00e7\u00e3o de Dados<\/strong><br \/>O empres\u00e1rio deve zelar pela privacidade e pela seguran\u00e7a das informa\u00e7\u00f5es de seus clientes, fornecedores e colaboradores, cumprindo com as normas de prote\u00e7\u00e3o de dados e respeitando os acordos de confidencialidade.<\/p><p><strong>3. Responsabilidade no Uso de Recursos<\/strong><br \/>A utiliza\u00e7\u00e3o de recursos materiais, financeiros e humanos deve ser feita de maneira respons\u00e1vel, buscando a efici\u00eancia operacional e evitando desperd\u00edcios.<\/p>\t\t\t\t\t\t\t\t<\/div>\n\t\t\t\t<\/div>\n\t\t\t\t<div class=\"elementor-element elementor-element-42432fc elementor-widget elementor-widget-heading\" data-id=\"42432fc\" data-element_type=\"widget\" data-widget_type=\"heading.default\">\n\t\t\t\t<div class=\"elementor-widget-container\">\n\t\t\t\t\t<h2 class=\"elementor-heading-title elementor-size-default\">5. CONCLUS\u00c3O<\/h2>\t\t\t\t<\/div>\n\t\t\t\t<\/div>\n\t\t\t\t<div class=\"elementor-element elementor-element-01a923e elementor-widget__width-initial elementor-widget elementor-widget-text-editor\" data-id=\"01a923e\" data-element_type=\"widget\" data-widget_type=\"text-editor.default\">\n\t\t\t\t<div class=\"elementor-widget-container\">\n\t\t\t\t\t\t\t\t\t<p>O<strong> C\u00f3digo de \u00c9tica<\/strong> do <strong>Empres\u00e1rio do Segmento Atacadista e Distribuidor<\/strong> n\u00e3o apenas serve como um guia para a pr\u00e1tica de um comportamento \u00e9tico e respons\u00e1vel, mas tamb\u00e9m como uma ferramenta essencial para fortalecer a credibilidade e a confian\u00e7a do mercado. Sua aplica\u00e7\u00e3o rigorosa e constante \u00e9 fundamental para garantir que as atividades empresariais sejam conduzidas de maneira justa, transparente e alinhada aos mais elevados padr\u00f5es de \u00e9tica. Este c\u00f3digo deve ser constantemente revisado e aprimorado, de forma a acompanhar as mudan\u00e7as do mercado, as exig\u00eancias legais e as expectativas da sociedade, sempre com o objetivo de promover a conduta \u00e9tica e harmoniosa em todas as suas a\u00e7\u00f5es.<\/p>\t\t\t\t\t\t\t\t<\/div>\n\t\t\t\t<\/div>\n\t\t\t\t\t<\/div>\n\t\t<\/div>\n\t\t\t\t\t<\/div>\n\t\t<\/section>\n\t\t\t\t<section class=\"elementor-section elementor-top-section elementor-element elementor-element-b715568 elementor-section-boxed elementor-section-height-default elementor-section-height-default wpr-particle-no wpr-jarallax-no wpr-parallax-no wpr-sticky-section-no\" data-id=\"b715568\" data-element_type=\"section\">\n\t\t\t\t\t\t<div class=\"elementor-container elementor-column-gap-default\">\n\t\t\t\t\t<div class=\"elementor-column elementor-col-100 elementor-top-column elementor-element elementor-element-85f07fe\" data-id=\"85f07fe\" data-element_type=\"column\">\n\t\t\t<div class=\"elementor-widget-wrap elementor-element-populated\">\n\t\t\t\t\t\t<div class=\"elementor-element elementor-element-4f5314f elementor-widget__width-initial elementor-invisible elementor-widget elementor-widget-image\" data-id=\"4f5314f\" data-element_type=\"widget\" data-settings=\"{&quot;_animation&quot;:&quot;fadeIn&quot;}\" data-widget_type=\"image.default\">\n\t\t\t\t<div class=\"elementor-widget-container\">\n\t\t\t\t\t\t\t\t\t\t\t\t\t\t\t<img decoding=\"async\" width=\"1400\" height=\"1427\" src=\"https:\/\/aderj.com.br\/wp-content\/uploads\/2024\/05\/shutterstock_290861189a.jpg\" class=\"attachment-full size-full wp-image-2763\" alt=\"\" \/>\t\t\t\t\t\t\t\t\t\t\t\t\t\t\t<\/div>\n\t\t\t\t<\/div>\n\t\t\t\t\t<\/div>\n\t\t<\/div>\n\t\t\t\t\t<\/div>\n\t\t<\/section>\n\t\t\t\t<section class=\"elementor-section elementor-top-section elementor-element elementor-element-9abbad4 elementor-section-boxed elementor-section-height-default elementor-section-height-default wpr-particle-no wpr-jarallax-no wpr-parallax-no wpr-sticky-section-no\" data-id=\"9abbad4\" data-element_type=\"section\">\n\t\t\t\t\t\t<div class=\"elementor-container elementor-column-gap-default\">\n\t\t\t\t\t<div class=\"elementor-column elementor-col-100 elementor-top-column elementor-element elementor-element-c2c2dca\" data-id=\"c2c2dca\" data-element_type=\"column\">\n\t\t\t<div class=\"elementor-widget-wrap elementor-element-populated\">\n\t\t\t\t\t\t<div class=\"elementor-element elementor-element-6f1cd40 elementor-widget elementor-widget-spacer\" data-id=\"6f1cd40\" data-element_type=\"widget\" data-widget_type=\"spacer.default\">\n\t\t\t\t<div class=\"elementor-widget-container\">\n\t\t\t\t\t\t\t<div class=\"elementor-spacer\">\n\t\t\t<div class=\"elementor-spacer-inner\"><\/div>\n\t\t<\/div>\n\t\t\t\t\t\t<\/div>\n\t\t\t\t<\/div>\n\t\t\t\t\t<\/div>\n\t\t<\/div>\n\t\t\t\t\t<\/div>\n\t\t<\/section>\n\t\t\t\t<\/div>\n\t\t","protected":false},"excerpt":{"rendered":"<p>1. INTRODU\u00c7\u00c3O A ADERJ \u2013 Associa\u00e7\u00e3o de Atacadistas e Distribuidores do Estado do Rio de Janeiro, com o intuito de promover um ambiente de neg\u00f3cios \u00e9tico, respons\u00e1vel e sustent\u00e1vel, estabelece, por meio deste C\u00f3digo de \u00c9tica, os princ\u00edpios que devem guiar as a\u00e7\u00f5es dos empres\u00e1rios, gestores e profissionais do segmento distribuidor atacadista. Este c\u00f3digo visa garantir uma conduta profissional coerente, harmoniosa e alinhada com os mais elevados padr\u00f5es de \u00e9tica e responsabilidade. 2. PRINC\u00cdPIOS FUNDAMENTAIS 1. Responsabilidade SocialO empres\u00e1rio do segmento distribuidor atacadista deve atuar com a consci\u00eancia de seu papel na sociedade, promovendo pr\u00e1ticas que favore\u00e7am o bem-estar da comunidade e contribuam para o desenvolvimento sustent\u00e1vel. 2. Transpar\u00eanciaAs rela\u00e7\u00f5es comerciais e financeiras devem ser pautadas pela clareza e honestidade. O empres\u00e1rio deve garantir que todas as suas a\u00e7\u00f5es sejam transparentes e compreens\u00edveis para todos os envolvidos. 3. Respeito \u00e0 Legisla\u00e7\u00e3o e NormasO cumprimento das leis e regulamentos \u00e9 um princ\u00edpio inegoci\u00e1vel. O empres\u00e1rio deve estar sempre em conformidade com a legisla\u00e7\u00e3o vigente, respeitando todas as normas do setor e garantindo a integridade das suas opera\u00e7\u00f5es. 4. Justi\u00e7a e EquidadeA busca pelo sucesso deve ser equilibrada e justa, tratando todos os envolvidos (clientes, fornecedores, colaboradores, parceiros e concorrentes) com respeito, dignidade e igualdade. 5. \u00c9tica nas Rela\u00e7\u00f5es ComerciaisO empres\u00e1rio deve zelar pela \u00e9tica nas rela\u00e7\u00f5es com clientes, fornecedores e demais parceiros comerciais. Isso inclui a negocia\u00e7\u00e3o honesta, a busca pela qualidade, o cumprimento de contratos e a observ\u00e2ncia dos compromissos assumidos. 3. COMPROMISSOS DO EMPRES\u00c1RIO 1. Promo\u00e7\u00e3o da Integridade no Mercado O empres\u00e1rio deve agir para evitar pr\u00e1ticas anticoncorrenciais e desleais, como o suborno, a corrup\u00e7\u00e3o e qualquer outro tipo de manipula\u00e7\u00e3o do mercado, garantindo que sua atua\u00e7\u00e3o seja \u00e9tica e ben\u00e9fica para o desenvolvimento do setor. 2. Respeito ao Meio AmbienteCompromete-se a adotar pr\u00e1ticas que minimizem os impactos ambientais de suas opera\u00e7\u00f5es, promovendo a sustentabilidade, o uso respons\u00e1vel dos recursos naturais e o descarte adequado de res\u00edduos. 3. Valoriza\u00e7\u00e3o das PessoasO empres\u00e1rio deve tratar seus colaboradores, clientes e fornecedores com dignidade, respeito e considera\u00e7\u00e3o. Deve assegurar um ambiente de trabalho seguro e saud\u00e1vel, que promova o desenvolvimento profissional e o bem-estar de todos. 4. Compromisso com a QualidadeO empres\u00e1rio deve trabalhar continuamente para oferecer produtos e servi\u00e7os de alta qualidade, com foco na satisfa\u00e7\u00e3o do cliente e na melhoria constantedos processos. 4. DIRETRIZES DE CONVIV\u00caNCIA E CONDUTA 1. Honestidade nas Transa\u00e7\u00f5esTodos os neg\u00f3cios devem ser conduzidos de forma \u00edntegra, com veracidade nas informa\u00e7\u00f5es e com respeito aos direitos dos consumidores e parceiros. 2. Confidencialidade e Prote\u00e7\u00e3o de DadosO empres\u00e1rio deve zelar pela privacidade e pela seguran\u00e7a das informa\u00e7\u00f5es de seus clientes, fornecedores e colaboradores, cumprindo com as normas de prote\u00e7\u00e3o de dados e respeitando os acordos de confidencialidade. 3. Responsabilidade no Uso de RecursosA utiliza\u00e7\u00e3o de recursos materiais, financeiros e humanos deve ser feita de maneira respons\u00e1vel, buscando a efici\u00eancia operacional e evitando desperd\u00edcios. 5. CONCLUS\u00c3O O C\u00f3digo de \u00c9tica do Empres\u00e1rio do Segmento Atacadista e Distribuidor n\u00e3o apenas serve como um guia para a pr\u00e1tica de um comportamento \u00e9tico e respons\u00e1vel, mas tamb\u00e9m como uma ferramenta essencial para fortalecer a credibilidade e a confian\u00e7a do mercado. Sua aplica\u00e7\u00e3o rigorosa e constante \u00e9 fundamental para garantir que as atividades empresariais sejam conduzidas de maneira justa, transparente e alinhada aos mais elevados padr\u00f5es de \u00e9tica. Este c\u00f3digo deve ser constantemente revisado e aprimorado, de forma a acompanhar as mudan\u00e7as do mercado, as exig\u00eancias legais e as expectativas da sociedade, sempre com o objetivo de promover a conduta \u00e9tica e harmoniosa em todas as suas a\u00e7\u00f5es.<\/p>\n","protected":false},"author":1,"featured_media":0,"parent":0,"menu_order":0,"comment_status":"closed","ping_status":"closed","template":"","meta":{"footnotes":""},"class_list":["post-1334","page","type-page","status-publish","hentry"],"rttpg_featured_image_url":null,"rttpg_author":{"display_name":"ADMIN","author_link":"https:\/\/aderj.com.br\/index.php\/author\/angrarj-com\/"},"rttpg_comment":0,"rttpg_category":null,"rttpg_excerpt":"1. INTRODU\u00c7\u00c3O A ADERJ \u2013 Associa\u00e7\u00e3o de Atacadistas e Distribuidores do Estado do Rio de Janeiro, com o intuito de promover um ambiente de neg\u00f3cios \u00e9tico, respons\u00e1vel e sustent\u00e1vel, estabelece, por meio deste C\u00f3digo de \u00c9tica, os princ\u00edpios que devem guiar as a\u00e7\u00f5es dos empres\u00e1rios, gestores e profissionais do segmento distribuidor atacadista. Este c\u00f3digo visa&hellip;","_links":{"self":[{"href":"https:\/\/aderj.com.br\/index.php\/wp-json\/wp\/v2\/pages\/1334","targetHints":{"allow":["GET"]}}],"collection":[{"href":"https:\/\/aderj.com.br\/index.php\/wp-json\/wp\/v2\/pages"}],"about":[{"href":"https:\/\/aderj.com.br\/index.php\/wp-json\/wp\/v2\/types\/page"}],"author":[{"embeddable":true,"href":"https:\/\/aderj.com.br\/index.php\/wp-json\/wp\/v2\/users\/1"}],"replies":[{"embeddable":true,"href":"https:\/\/aderj.com.br\/index.php\/wp-json\/wp\/v2\/comments?post=1334"}],"version-history":[{"count":79,"href":"https:\/\/aderj.com.br\/index.php\/wp-json\/wp\/v2\/pages\/1334\/revisions"}],"predecessor-version":[{"id":14226,"href":"https:\/\/aderj.com.br\/index.php\/wp-json\/wp\/v2\/pages\/1334\/revisions\/14226"}],"wp:attachment":[{"href":"https:\/\/aderj.com.br\/index.php\/wp-json\/wp\/v2\/media?parent=1334"}],"curies":[{"name":"wp","href":"https:\/\/api.w.org\/{rel}","templated":true}]}}